{"id":139,"date":"2024-09-25T19:59:02","date_gmt":"2024-09-25T19:59:02","guid":{"rendered":"https:\/\/topbemanning.no\/?page_id=139"},"modified":"2024-09-25T20:29:27","modified_gmt":"2024-09-25T20:29:27","slug":"bygg-og-anlegg","status":"publish","type":"page","link":"https:\/\/topbemanning.no\/index.php\/bygg-og-anlegg\/","title":{"rendered":"Bygg- og anlegg"},"content":{"rendered":"\n<figure class=\"wp-block-image size-large is-style-rounded is-style-rounded--1\"><img loading=\"lazy\" decoding=\"async\" width=\"1024\" height=\"301\" src=\"https:\/\/topbemanning.no\/wp-content\/uploads\/2024\/09\/e9eb524c-e3b2-4a9c-aa93-f80b22c33a90-1024x301.jpg\" alt=\"\" class=\"wp-image-155\" srcset=\"https:\/\/topbemanning.no\/wp-content\/uploads\/2024\/09\/e9eb524c-e3b2-4a9c-aa93-f80b22c33a90-1024x301.jpg 1024w, https:\/\/topbemanning.no\/wp-content\/uploads\/2024\/09\/e9eb524c-e3b2-4a9c-aa93-f80b22c33a90-300x88.jpg 300w, https:\/\/topbemanning.no\/wp-content\/uploads\/2024\/09\/e9eb524c-e3b2-4a9c-aa93-f80b22c33a90-768x226.jpg 768w, https:\/\/topbemanning.no\/wp-content\/uploads\/2024\/09\/e9eb524c-e3b2-4a9c-aa93-f80b22c33a90.jpg 1260w\" sizes=\"auto, (max-width: 1024px) 100vw, 1024px\" \/><\/figure>\n\n\n\n<h2 class=\"wp-block-heading\">Dette kan vi bist\u00e5 deg med <\/h2>\n\n\n\n<p>Vi legger stor vekt p\u00e5 \u00e5 kvalitetssikre riktig kandidat til stillingen og leverer b\u00e5de faste og midlertidige ansatte innen alle v\u00e5re fagomr\u00e5der.<\/p>\n\n\n\n<p><strong>Bygg <\/strong><\/p>\n\n\n\n<p>Vi tilbyr bemanning innen alle disipliner i byggebransjen. Betongarbeid, t\u00f8mring, elektro og hjelpearbeid er noen av v\u00e5re st\u00f8rste kompetanseomr\u00e5der. Enten dere trenger \u00e9n eller flere ressurser til prosjektet, kan vi bist\u00e5. Vi kan ogs\u00e5 stille med komplette team med erfarne baser som er vant til \u00e5 jobbe sammen.<\/p>\n\n\n\n<p><strong>Anlegg <\/strong><\/p>\n\n\n\n<p>V\u00e5rt spesialteam tilbyr bemanning til b\u00e5de sm\u00e5 og store anleggsprosjekter over hele landet. Vi har erfarne medarbeidere innen blant annet betongarbeid, armering, glid, tunnelarbeid, spennarmering og maskinf\u00f8ring.<\/p>\n","protected":false},"excerpt":{"rendered":"<p>Dette kan vi bist\u00e5 deg med Vi legger stor vekt p\u00e5 \u00e5 kvalitetssikre riktig kandidat til stillingen og leverer b\u00e5de faste og midlertidige ansatte innen alle v\u00e5re fagomr\u00e5der. Bygg Vi tilbyr bemanning innen alle disipliner i byggebransjen. Betongarbeid, t\u00f8mring, elektro og hjelpearbeid er noen av v\u00e5re st\u00f8rste kompetanseomr\u00e5der. Enten dere trenger \u00e9n eller flere ressurser [&hellip;]<\/p>\n","protected":false},"author":1,"featured_media":0,"parent":0,"menu_order":0,"comment_status":"closed","ping_status":"closed","template":"","meta":{"footnotes":""},"class_list":["post-139","page","type-page","status-publish","hentry"],"_links":{"self":[{"href":"https:\/\/topbemanning.no\/index.php\/wp-json\/wp\/v2\/pages\/139","targetHints":{"allow":["GET"]}}],"collection":[{"href":"https:\/\/topbemanning.no\/index.php\/wp-json\/wp\/v2\/pages"}],"about":[{"href":"https:\/\/topbemanning.no\/index.php\/wp-json\/wp\/v2\/types\/page"}],"author":[{"embeddable":true,"href":"https:\/\/topbemanning.no\/index.php\/wp-json\/wp\/v2\/users\/1"}],"replies":[{"embeddable":true,"href":"https:\/\/topbemanning.no\/index.php\/wp-json\/wp\/v2\/comments?post=139"}],"version-history":[{"count":3,"href":"https:\/\/topbemanning.no\/index.php\/wp-json\/wp\/v2\/pages\/139\/revisions"}],"predecessor-version":[{"id":156,"href":"https:\/\/topbemanning.no\/index.php\/wp-json\/wp\/v2\/pages\/139\/revisions\/156"}],"wp:attachment":[{"href":"https:\/\/topbemanning.no\/index.php\/wp-json\/wp\/v2\/media?parent=139"}],"curies":[{"name":"wp","href":"https:\/\/api.w.org\/{rel}","templated":true}]}}